f -d**3/6 + d**2/2 - 27*d. Calculate y(4).
-3
Let n(p) be the second derivative of 1/360*p**6 + 0*p**2 + 0 + 1/24*p**4 - 1/6*p**3 + 0*p**5 + 2*p. Let c(r) be the second derivative of n(r). What is c(2)?
5
Let h(t) = 2*t - 3. Let y = 5 - 11. Calculate h(y).
-15
Suppose -8 = 4*a, 8 - 4 = 4*s - 2*a. Suppose 0*b = 3*b. Let o(m) = -m**2 + 7 + m + b - 4. Give o(s).
3
Let x(k) = k**2 - 17*k - 2*k**2 - 6 + 18*k. Give x(0).
-6
Let o(z) = 4*z**2 - 5*z**2 + 0*z + 3*z. Let i = -3 + -1. Let u be -5 - i - -1*5. Give o(u).
-4
Let i(g) = -3 - 9*g + 20*g - 2*g - 6*g. Give i(4).
9
Let k(q) = -q**3 + q**2 + q - 5. Let p(a) = a**3 - 15*a**2 - 16*a. Let z be p(16). Give k(z).
-5
Let a(g) be the first derivative of g**2/2 - 6*g + 2. Let t(y) = -5. Let b(h) = -4*a(h) + 5*t(h). Calculate b(1).
-5
Let w(b) = -7*b**2 - 13*b + 6. Let x(i) = 15*i**2 + 27*i - 13. Let p(y) = 13*w(y) + 6*x(y). What is p(-3)?
12
Let i(t) = -t**2 + t + 42. Let n be i(0). Suppose 5*g + n - 12 = 0. Let l(a) = a + 2. Give l(g).
-4
Suppose -3*c + 15 = -2*m, 3*c - 6 = 4*m - 5*m. Let f(l) = -l**3 + 5*l**2 - 2*l - 4. Give f(c).
8
Let c(f) = 7*f**2 + 8*f - 8. Let k(n) = 5*n + 2*n**2 - 10*n + 8*n - 3. Let x(l) = -3*c(l) + 8*k(l). Give x(-1).
-5
Suppose 2 = a + 5. Let w(i) = -2*i - 7. Let d be w(a). Let h(p) = -2*p**2 - p - 1. Give h(d).
-2
Let p be 2 - (-3 - 2*-2). Let r be 4 - (p + -4 - -3). Let b(u) = -u**2 + 2*u + 4. Give b(r).
-4
Let f(h) = -h**3 - 3*h**2 + 6*h + 3. Suppose 5*t = -4*k - 7 - 4, 23 = -5*k + 3*t. Give f(k).
-5
Let i(m) = -m**2 - 7*m + 5. Let c(s) = -8*s**2 + 1. Let x be c(-1). Let p be i(x). Let a(y) = y**2 - 3*y + 7. What is a(p)?
17
Suppose 0 = l + 3, -4*t = l - 10 - 11. Let d(r) = r**2 - 10*r + 8. Calculate d(t).
-16
Let n(j) = j**2 + 4*j - 10. Let a be n(-6). Let d(r) be the first derivative of 3 + 3/2*r**a + 5*r - 1/3*r**3. What is d(5)?
-5
Let j = 12 - 8. Suppose j*h = h - 15. Let q be (h/(-3))/((-1)/3). Let c(l) = -l**2 - 5*l - 3. Calculate c(q).
-3
Let k be (-31)/(-11) - 4/(-22). Suppose -3*p - k = -4*p. Let j(m) = m**3 - 2*m**p - 3*m**2 - 7 - 2*m**2 + 2*m**3. Determine j(5).
-7
Let b(n) = -n**3 + 3*n**2 + 6*n + 7. Suppose -4*v + 2*v = -10. Determine b(v).
-13
Let m(r) = -3*r**2 + 3*r. Let f = 15 + -13. Determine m(f).
-6
Let s(b) = 2*b + 4. Let z = 11 + -19. Give s(z).
-12
Let h(y) = -3 + 6*y**2 + 0 + 5*y - 4*y**2. What is h(-4)?
9
Suppose -2*d = -s + 6*s - 10, -4*s + 16 = 0. Let m(t) = t**3 + 6*t**2 + 4*t - 5. Determine m(d).
0
Suppose -5*m + 2 + 3 = 0. Let k be (-3)/(m - -2)*0. Let v be -7 - -4 - (k - -2). Let i(t) = -t + 2. Calculate i(v).
7
Suppose 3 = 4*s - 4*y - 1, -4*s - y = -9. Let i = -23 + 25. Let a(z) = 2*z**s - 4*z**2 + 3*z**2 + z + 2 + z**i + 2*z**3. Give a(-2).
-8
Let i(y) = 2*y**2. Let u = 0 + 8. Let b(s) = 6*s**2 + s. Let o = -8 - -5. Let w(x) = o*b(x) + u*i(x). What is w(-2)?
-2
Let o(r) = 4*r - 10. Let c be o(3). Let j(f) = -105*f + 39. Let t(i) = 8*i - 3. Let g(z) = 2*j(z) + 27*t(z). Determine g(c).
9
Let d(n) = -n + 4. Let y be d(0). Suppose 7 = -3*x + y*w - 0, -w + 10 = 2*x. Let j = x - 0. Let m(i) = i**2 - i + 2. Give m(j).
8
Let w(x) = 1. Suppose 2*d - 2 - 1 = -5*j, -8 = -2*d. Let g(i) = i. Let q(o) = j*g(o) + w(o). Suppose 0 = -5*p + 4*y + 3, 3*y - 6 + 0 = p. What is q(p)?
-2
Let x(j) = j - 3. Let i be x(6). Suppose 9 = -5*p + 34. Suppose -2*y = p + i. Let t(w) = -3*w - 5. Determine t(y).
7
Let n(q) be the third derivative of q**4/12 - 2*q**3/3 - 3*q**2. Give n(9).
14
Let k(g) = g**3 + 8*g**2 + 6*g - 4. Let z be k(-7). Let i be 0/(-2) - (-6)/z. Let b(p) be the third derivative of p**4/12 - p**3/2 - 2*p**2. Give b(i).
1
Let s(a) = a**2 - 6*a + 4. Let v be 3/(-18) + (-37)/(-6). Give s(v).
4
Let o(z) = z**2 + 8*z + 3. Let w be o(-7). Let l = -1 - w. Let c(n) = -2*n - n - l + 5*n. Give c(4).
5
Let y(r) = -4*r**2 - 2*r + 1. Suppose -2*g = -g - 1. Determine y(g).
-5
Let l(o) = -o**3 + 5*o**2 + 1. Let t(z) = 2*z**3 - 11*z**2 - z - 2. Let r(d) = -5*l(d) - 2*t(d). Suppose 2*u - 3*u + 1 = 0. Determine r(u).
-1
Let o(h) = h**3 - h**2 - h + 11. Let d(a) = a**2 + 1. Let i(g) = -4*d(g) + o(g). Let b be i(5). Let x(z) = -4 + 4*z**2 - 7*z - 2 - 5*z**b + 1. Give x(-6).
1
Let v be 0 + -1 - -27 - 1. Let c be 1/5 - (-20)/v. Let g(q) = 2*q. Determine g(c).
2
Let h be 9 + 2/((-2)/3). Suppose -5*n = -6*n + h. Let j(o) = o**3 - 6*o**2 + o + 1. Give j(n).
7
Let x(d) = 7*d**3 + 10*d**2 - 3*d - 7. Let h(k) = 6*k**3 + 9*k**2 - 3*k - 6. Let g(n) = 6*h(n) - 5*x(n). What is g(-4)?
11
Let m(r) = -2*r**3 + r. Let f be (17 + -1)/(-3 - -4). Suppose o - f = -4*w + 3*o, 2*o = 3*w - 14. Suppose -2 - w = 4*y. Give m(y).
1
Let z(b) = 3*b**2 - 7*b + 1. Let l(v) = -2*v**2 + 4*v - 1. Let d(u) = -5*l(u) - 3*z(u). Calculate d(-4).
14
Let p(w) be the second derivative of -w**4/12 - 5*w**3/6 + w**2 + w. Calculate p(-6).
-4
Let q be 4/3*(-3 - -6). Let m(x) = -x**2 + 2*x - 1. Give m(q).
-9
Let y(r) = -4*r**2 + 2*r - 1. Let l be (-11)/(-2) - 4/8. Let x = -4 + l. Determine y(x).
-3
Let d(y) = -y**3 - 4*y**2 + 6*y + 4. Let s(x) = -x**3 + 2*x**2. Let m be s(1). Suppose 2*k + 3 = -m. Let v be (-2 + k)*(-5)/(-4). Determine d(v).
-1
Let u(a) = -a**2 - a. Let f(m) = m**2 + 5*m - 1. Let p(w) = w**3 - 11*w**2 + 11*w - 12. Let h be p(10). Let d(z) = h*u(z) - f(z). Calculate d(4).
5
Let k be 1*5 - (5 + -1). Let v(a) = 15*a**3 - a**2 + a. Give v(k).
15
Let w(f) = f**2 - 5*f + 1. Suppose -3*u - b - 6 = -8*u, -22 = -3*u - 4*b. What is w(u)?
-5
Let q(j) = 3*j**2 + 4*j + j**3 - 2*j - 8*j - 3 + 0*j**2. Calculate q(-4).
5
Let u(o) = o - 3. Let m(p) = -1. Let c(l) = 11*m(l) - 4*u(l). Give c(1).
-3
Let j(g) be the second derivative of -5*g + 1/12*g**4 + 0 + 0*g**3 - 3*g**2. What is j(0)?
-6
Let q(g) = g**2 - g - 1. Suppose d + 8*u - 3*u = -3, -4*d = 4*u - 4. Let a(w) = 2*w - 2. Let n be a(-3). Let v be d/(-4) - 20/n. Give q(v).
1
Let j = 5 - -6. Let d = j - 12. Let p(w) = -2*w**2 + 1. What is p(d)?
-1
Let x(t) = t**3 + 5*t**2 - 8*t - 8. Let i = -21 + 15. What is x(i)?
4
Let l(m) = -2*m**2 + 14*m + 3. Let f(x) = 3*x**2 - 15*x - 2. Let t(c) = 4*f(c) + 5*l(c). Determine t(-6).
19
Let a(l) = -l**2 - 5*l - 4. Let h be a(-3). Suppose o - 3 = 3*f, 3*o + 1 = -h*f - 1. Let v = -2 + o. Let n(d) = d - 1. Calculate n(v).
-3
Suppose -z - 3*l - 12 = -0*z, -3*l = -z + 6. Let p be (2 + 5)*(-12)/(-14). Let w(x) = -x**3 + p*x + 2*x**2 - 2 - 5*x**2 - 9*x. Determine w(z).
7
Let l(i) be the first derivative of -3 + 7/2*i**2 + 5*i + 1/3*i**3. Let w(r) = r**3 + r**2 + 3*r + 5. Let o be w(-2). Determine l(o).
-5
Suppose 2*l = -3*l - 20. Let u = -3 - 0. Let m(b) = 4*b + 2. Let d(a) = -5*a - 2. Let t(o) = l*m(o) + u*d(o). Determine t(-3).
1
Suppose 0 = -4*n - 6 - 2. Let j be n*3*5/(-10). Let v(b) = -2*b + 4. Calculate v(j).
-2
Let q(j) = 2*j**2 - j. Let l be 24/(-2)*(-1)/2. Let v be (l/(-3))/(-2)*0. Suppose 6 = -3*g - v*g, 5*c + 2*g = 6. Determine q(c).
6
Let m(s) = -18*s**2 - 19*s**2 + 36*s**2. Determine m(3).
-9
Let f(s) = s**2 + 15*s + 38. Let n be f(-12). Let h(x) = x**2 + x. Let q(m) = 2*m**3 - 7*m**2 - 2*m + 1. Let k(y) = 4*h(y) + q(y). What is k(n)?
9
Let c(f) = -f + f - 2*f + f - 4. Let g be c(-6). Let n(y) = 2*y - 4 - y**3 + 1 + 2*y**2 + 0. Give n(g).
1
Let p be (-7)/2 + 1 - (2 - 5). Let r(w) be the second derivative of -p*w**3 + 3*w - 1/2*w**2 + 0. Calculate r(3).
-10
Let f(o) = 6*o - 2. Let p(d) = -3*d + 1. Let j(b) = 6*f(b) + 11*p(b). What is j(-2)?
-7
Let y(b) be the second derivative of -b**6/120 + b**5/15 + 5*b**4/24 + 2*b**2 + 5*b. Let f(t) be the first derivative of y(t). What is f(5)?
0
Let m(h) = -1 + 0 - 27*h + 28*h. Determine m(3).
2
Let x(l) = 3*l + 0*l**2 + 2*l - 2*l**2. Suppose -4*y + 5*i + 21 = 0, 5*y + 6*i - 5*i = 19. Give x(y).
-12
Let a(v) = -3*v - 10. Let o be (-147)/(-18) + (-4)/24. Let w(p) = -5*p - 15. Let f = 10 - 15. Let s(x) = f*w(x) + o*a(x). Determine s(5).
0
Let q(f) = f - 2. Let p be q(6). Let y(b) = 10 + 3*b - 10 + 3*b**2 - b**3. Determine y(p).
-4
Let c(a) = a**3 - 5*a**2 + a. Let o be 5 + 2/(-6)*0. Let r be c(o). Let i(m) = 2*m - 4. Determine i(r).
6
Let g(f) be the third derivative of 3*f**4/8 + f**3/6 - f**2. Let c be (-10)/(-15)*(-3)/2. Give g(c).
-8
Let u(w) = -w + 1. Let a(s) = 5*s. Let g be a(-1). Calculate u(g).
6
Let i(c) = -c**3 + 3*c**2 + c + 1. Let d be i(3). Suppose -2*g - 4 - 9 = 5*j, d